Let u be h(2). Let s(n) = -2*n**2 + 3*n + 10. Determine s(u).
-34
Let g(l) = -16*l**3 + l**2 + 12*l + 3. Let t be g(-3). Let q = 400 - t. Let b(k) = -1. Let y(i) = i**2 + 7*i - 15. Let z(j) = 5*b(j) - y(j). Determine z(q).
2
Let n = 353 - 349. Suppose -n*x + y = 34, -40 = 4*x - 9*y + 5*y. Let s(c) = c**3 + 8*c**2 + 2*c + 7. What is s(x)?
-9
Let w(p) = -1 + 2 + 187*p - 194*p. Suppose -4*i + 2*i = 60. Let b be i/(-18)*(-18)/(-15). Give w(b).
-13
Let p(b) = b**3 - 6*b**2 - 11*b + 8. Suppose -26*g = -30*g + 4*w + 20, 35 = 4*g + w. Give p(g).
48
Let f(r) = -r**2 - 41*r - 406. Let i be f(-24). Let y(x) = 9*x**3 + x**2 + 3*x - 4. Give y(i).
78
Let l(z) = -7*z**3 - 9*z**2 + z - 3. Suppose 2*p - 5*h = 7, 13 + 43 = -4*p - 4*h. Let q(j) = -3*j**3 - 4*j**2 - 1. Let r(o) = p*q(o) + 4*l(o). Give r(2).
-3
Let l(t) = t + 31. Suppose 15*m + 225 = -15*m + 21*m. What is l(m)?
6
Let s(j) = -18*j - 6. Let p(q) = -52*q - 15. Let f(t) = 2*p(t) - 7*s(t). Determine f(-5).
-98
Let h(d) be the first derivative of -7*d**4/4 - d**2/2 + d + 9. Let i = -118 + 140. Suppose -17*l + i*l - 5 = 0. Determine h(l).
-7
Let y(m) = -m**3 - 10*m**2 - 6*m - 3. Let z(n) = -n**3 - 9*n**2 - 6*n - 4. Let r(q) = -2*y(q) + 3*z(q). Let a = -231 - -226. Calculate r(a).
-26
Let v(w) = -12 - 12 + 38 + w - 7 - 10. Let x(k) = -3*k + 7. Suppose s - 3*r + 2 = 3, 2*r = 5*s + 21. Let u(q) = s*v(q) - 2*x(q). What is u(4)?
5
Suppose -29*l + 62 = 7 - 90. Let r(o) = -9*o + 45. Determine r(l).
0
Let y(q) = 16*q**3 - q + 1. Suppose 7*m = -11*m - 9270. Let j = -514 - m. What is y(j)?
16
Let h = 141 + -134. Suppose -2*k - 10 = -5*y, -3*y - h*k + 2*k + 6 = 0. Let a(g) = -7*g**2 - 4*g + 3. Give a(y).
-33
Let n(f) = 2*f**2 + 6*f - 38. Let h be n(-6). Let v(b) be the third derivative of -b**6/120 - b**5/20 - b**4/24 - b**3/3 - 2*b**2. Give v(h).
-4
Let t be 0/((-6)/(2 + -5)). Let z(n) = 7*n**3 - 6*n**2 - 4*n + 5. Let q(i) = -16*i**3 + 14*i**2 + 9*i - 10. Let v(c) = -3*q(c) - 7*z(c). Calculate v(t).
-5
Suppose 8*x + 4 = 10*x. Suppose -3*y = -x*y - 18. Suppose -14*b = -17*b - y. Let d(i) = -i - 8. Calculate d(b).
-2
Let r(z) = -4*z + 5. Let g be 0 - 20 - (-8)/2. Let l be g/(-3) + (1 - 7/21). Let q(v) = -3*v + 5. Let f(n) = l*q(n) - 5*r(n). Give f(-6).
-7
Let d(p) = 10*p + 22*p - 27*p + 2. Suppose 6*r + 0 + 24 = 0. Calculate d(r).
-18
Let w(f) = f - 178 + 8*f + 102 + 7*f. Calculate w(5).
4
Let b(k) = -2 - 6*k - k**3 - 4 - 3*k**2 - 4*k**2. Suppose 8*h + v = 3*h - 866, -4*v + 886 = -5*h. Let q = 168 + h. What is b(q)?
-6
Let j = 13 + -26. Let w = -11 - j. Let m(s) = -s**3 - 10*s - 5*s**w - 1 - 3 + 5*s + 3. Calculate m(-4).
3
Let m(q) = -1 + 2*q + 0*q - 2 - 3*q. Let j be m(-7). Let f(g) = -2*g + 2 - 7*g + j*g - g**2. Determine f(-5).
2
Let z(o) = o**3 + 9*o**2 - 23*o + 9. Suppose -2*x = -12*q + 5*q + 29, 3*q = 3. What is z(x)?
20
Let f(q) be the third derivative of -q**6/120 - q**4/24 + q**3/2 + 26*q**2. Suppose 3*r = r. Let a be r + (3 - 2) + -1. Calculate f(a).
3
Suppose 2*n = -4*d + 38 - 14, -20 = 5*n. Let y(j) = 4*j**2 - 70*j**2 + 65*j**2 + 6 + 8*j. Calculate y(d).
6
Let u(n) = 174*n**2 + 10*n - 169*n**2 - 75 + 58 - 3*n**3. Let w(b) = b**3 + b**2 + b + 3. Let z(p) = -u(p) - 2*w(p). Give z(8).
-21
Let y(m) = -m**2 - 3*m + 4. Let o = 450 + -448. Suppose -4*v = -0*v - 100. Suppose -o*f = -2*x - 14, v = -3*x + 8*f - 4*f. Determine y(x).
4
Let g(n) = 15*n + 32. Let b(k) = 8*k + 16. Let f(p) = 5*b(p) - 3*g(p). Give f(-2).
-6
Let l = -617 - -459. Let o = l + 149. Let j(d) = d**3 + 10*d**2 + 10*d + 4. What is j(o)?
-5
Let w(b) = 2*b + 22. Suppose -4*v + 50 + 1 = 3*g, 0 = -4*g - 12. Let s = -22 + v. Let u be w(s). Let q(i) = -i**2 + 5*i + 11. What is q(u)?
-13
Let y(a) = a - 7. Let n(r) = 3*r**3 - 10*r**2 - 3*r + 22. Let u be n(3). What is y(u)?
-3
Let t = 31 - 17. Suppose -2*d = -0*d - t. Suppose -56 = d*n - 14. Let u(l) = -l**3 - 6*l**2 - 5. Determine u(n).
-5
Let n(f) = -f**2 + 5*f + 2. Let x = 2803 + -2799. Give n(x).
6
Let g(z) be the third derivative of -z**5/60 - z**4/12 - 3*z**3/2 - z**2 - 158. Let d(t) = t**2 - 12*t - 13. Let b be d(13). Determine g(b).
-9
Let s(z) = -13*z**2 - 50*z + 104. Let k(n) = -11*n**2 - 49*n + 101. Let f(i) = 7*k(i) - 6*s(i). Determine f(41).
1
Let i(c) = -12*c**2 + c + 1. Suppose -p - 20 = -2*d - 25, 3*p - 9 = 0. Give i(d).
-12
Let j(m) be the first derivative of 15*m**2/2 + 353*m - 5147. What is j(-24)?
-7
Let w = 25650 + -25662. Let t(i) = i + 34. Give t(w).
22
Suppose -123*h = -130*h + 35. Let b(d) be the first derivative of -d**2 + 6*d + 1. What is b(h)?
-4
Let i(z) = -3 + 2*z + 4*z - 2*z. Let q(c) = 885*c + 12393. Let s be q(-14). Determine i(s).
9
Suppose m + 287*c = 282*c + 20, 3*c + 5 = -4*m. Let y(z) = -4 - 2*z - 5 - 2*z + 3*z. Give y(m).
-4
Let c(l) be the first derivative of -27*l**2/2 + 94*l - 2615. Calculate c(4).
-14
Let r(t) be the second derivative of -t**5/60 - t**4/8 - 7*t**2/2 + 12*t. Let a(o) be the first derivative of r(o). Let g = 54 + -56. Calculate a(g).
2
Let z(c) = -c**3 - 2*c**2 + 1. Suppose 87 = b + 85. Let o(h) = 23*h - 47. Let q be o(b). What is z(q)?
0
Let t = -139 - -145. Let q(i) = -i - t + 5 - 4. Calculate q(-6).
1
Let m(p) = 7*p**2 + 4 + 80*p**3 + 7*p + 81*p**3 + 88*p**3 - 329*p**3 + 81*p**3. What is m(-5)?
19
Let j(o) = -3*o**2 - 57*o - 5. Let g(s) = 2*s**2 + 30*s + 3. Let d(q) = -5*g(q) - 3*j(q). What is d(20)?
20
Let i = -6367 - -6370. Let r(g) = -g**3 + 4*g**2 - 2*g + 8. Calculate r(i).
11
Suppose -4*k + 1489 = 3*t, -4*k + 2*k + t = -747. Let j(g) = 5 + k*g - 374*g - 6. Give j(2).
-3
Let o(i) = 2 + i**2 + 3*i - 7 + 0*i. Let y be 2/(16/56) + 6. Suppose 2*c + 4*m = -28, 10*m = y*m + 12. What is o(c)?
13
Let u(y) = -7*y**3 + 2*y - 1. Suppose -8 = 4*q + 2*i, -2*i + 14 + 14 = -5*q. Let l be (q/(-6))/((-32)/(-48)). Give u(l).
-6
Suppose 0 = 45*x - 50*x + 10, 34 = 4*g - x. Let a(h) = -h**3 + 7*h**2 + 21*h - 19. Calculate a(g).
8
Let c = -466 + 474. Let q(p) = 4*p**2 + 11*p + 19. Let a(r) = 5*r**2 + 12*r + 19. Let g(z) = 5*a(z) - 6*q(z). Give g(c).
-3
Let k(p) be the first derivative of -p - 2. Let z(y) = -2*y + 98. Let o(j) = 2*j - 116. Let f(x) = 5*o(x) + 6*z(x). Let q(c) = f(c) + 4*k(c). What is q(-3)?
10
Let p(u) = -u**2 - 16*u - 28. Let c(o) = -3*o**3 + 4*o**2 + o - 4. Let f be c(6). Let k = -516 - f. Calculate p(k).
0
Let v be (-3)/(-6)*-4*4. Let h(i) be the third derivative of i**5/60 + i**4/4 - 3*i**3/2 - i**2. Calculate h(v).
7
Let p(j) = -j**2 - 3*j + 8. Suppose 6*q = 12*q - 18*q - 84. Determine p(q).
-20
Let c(b) = 48 + 3*b**2 - 40*b - 11 - 19 - 6. Calculate c(13).
-1
Let q(d) = -d + 8. Suppose 23*m = 7*m + 181 + 187. Determine q(m).
-15
Let i(q) = 76*q**2 + 228*q - 1. Suppose 0 = -5*w + l - 21, -2*l + 40 = -w + 25. Calculate i(w).
-1
Let v(m) = 8*m + 14. Let p(d) = -6*d - 6. Let j(f) = 6*p(f) + 5*v(f). What is j(-7)?
6
Let l(t) = -23*t**3 + 2*t**2 + 12*t - 9. Let y(a) = -20*a**3 + 2*a**2 + 10*a - 8. Let j(q) = -5*l(q) + 6*y(q). Calculate j(2).
-35
Let v(n) = n**3 + 10*n**2 + 7*n + 2. Let b be v(-9). Let y(o) = 10*o - 44. Let k(r) = -2*r + 2. Let s(l) = 4*k(l) + y(l). Calculate s(b).
4
Let f(d) = d**2 - 8*d - 4. Let u be (-34)/2 - (2 - 6 - -1). Let s = 22 + u. Let v be f(s). Let n(w) = w**3 + 3*w**2 - 3*w - 2. What is n(v)?
-6
Suppose -6*v = 12*v + 1332. Let w = v - -71. Let b(y) = -2*y**2 - 4*y. Calculate b(w).
-6
Let b be 4/2 - 1 - 0. Let o(s) = -s + 3. Let i(n) = -14*n - 13 - 7*n + 26*n. Let k(j) = i(j) + 4*o(j). Calculate k(b).
0
Let v(r) = -r**2 + 10*r - 11. Let k be v(8). Let l(s) = 6 - s**2 + k*s + 1 - 4*s. Suppose 0 = 2*b - 2*n, 4*b - 11*n + 12*n = 0. What is l(b)?
7
Let j(z) = 207*z + 191. Let p(o) = -1684*o - 1529. Let b(a) = 33*j(a) + 4*p(a). What is b(-2)?
-3
Let v be ((-44)/6)/(27/(-81)). Let s(b) = 3 - 8*b - b + v*b - 10*b. Calculate s(4).
15
Suppose 5*m - 10 = 20. Let i(b) be the second derivative of -b**3/3 + 4*b**2 - 11963*b. Give i(m).
-4
Let z be 2/(-2) + 7*1. Let x(u) be the first derivative of u**3/3 - 4*u**2 + 10*u - 55127. Give x(z).
-2
Let t(p) = -p**3 - 7*p**2 - 8*p - 5. Let m be t(-6). Suppose -6*g + m - 1 = 0. Let i be 7 + -3 + g*-8. Let w(v) = -v**3 - 6*v**2 - 4*v + 5. What is w(i)?
-11
Let h = -51155 - -51159. Let s(n) = n**3 + 2*n**2 + 2*n - 4. Let u(c) = 3*c**3 + 3*c**2 + 3*c - 9. Let b(q) = -5*s(q) + 2*u(q). Giv